{"id":349,"date":"2019-05-23T14:46:25","date_gmt":"2019-05-23T11:46:25","guid":{"rendered":"http:\/\/avakaryapi.com\/?page_id=349"},"modified":"2019-05-29T17:11:11","modified_gmt":"2019-05-29T14:11:11","slug":"bize-ulasin","status":"publish","type":"page","link":"https:\/\/avakaryapi.com\/index.php\/bize-ulasin\/","title":{"rendered":"Bize ula\u015f\u0131n"},"content":{"rendered":"\n<p>Sanat at\u00f6lyemizde projenizi planlayal\u0131km.<\/p>\n\n\n\n<p>\u0130malathanede \u00fcretim yapal\u0131m.<\/p>\n\n\n\n<p>Sat\u0131\u015f&nbsp; ve depolar\u0131m\u0131zda projeniz i\u00e7in gerekli t\u00fcm ihtiya\u00e7lar\u0131n\u0131z\u0131 kar\u015f\u0131layal\u0131m.<\/p>\n\n\n\n<p>Siz sadece showroomlar\u0131m\u0131zda kahvenizi yudumlay\u0131n ve AVAKAR 2019 KATALO\u011eUNUZU inceleyin.<\/p>\n\n\n\n<p>Showroom<br>Gen\u00e7 Osman Mahallesi \u00c7in\u00e7indere Caddesi<br>No : 89 G\u00fcng\u00f6ren \u0130stanbul<br>Telefon 0212 562 77 00 <iframe loading=\"lazy\" src=\"https:\/\/www.google.com\/maps\/embed?pb=!1m18!1m12!1m3!1d752.4525773608221!2d28.87689092924962!3d41.0294058103991!2m3!1f0!2f0!3f0!3m2!1i1024!2i768!4f13.1!3m3!1m2!1s0x14cabadc825d73f9%3A0x610d5ed48c25fb5e!2zR2Vuw6dvc21hbiwgw4dpbsOnaW5kZXJlIENkLiBObzo5MSwgMzQxNjUgR8O8bmfDtnJlbi_EsHN0YW5idWw!5e0!3m2!1str!2str!4v1559134293437!5m2!1str!2str\" width=\"600\" height=\"450\" frameborder=\"0\" style=\"border:0\" allowfullscreen=\"\"><\/iframe><\/p>\n\n\n\n<p><\/p>\n\n\n\n<p>Toptan perakende sat\u0131\u015f<br>Gen\u00e7 Osman Mahallesi \u00c7in\u00e7indere Caddesi Top\u00e7u Sokak No: 20-22 G\u00fcng\u00f6ren \u0130stanbul<br>Telefon 0212 611 00 11<br>Fax 0212 611 00 55 <iframe loading=\"lazy\" src=\"https:\/\/www.google.com\/maps\/embed?pb=!4v1559138799936!6m8!1m7!1smpNcGhnCv_7x6LmRCVVy_w!2m2!1d41.03562700783874!2d28.87406132870032!3f259.0459604145552!4f-6.748747718861068!5f0.7820865974627469\" width=\"600\" height=\"450\" frameborder=\"0\" style=\"border:0\" allowfullscreen=\"\"><\/iframe><\/p>\n\n\n\n<p>Imalat<br>Gen\u00e7 Osman Mahallesi Mustafa Ya\u015far Caddesi No: 32 G\u00fcng\u00f6ren \u0130stanbul<br>Telefon 0212 562 0140 <iframe loading=\"lazy\" src=\"https:\/\/www.google.com\/maps\/embed?pb=!4v1559138927267!6m8!1m7!1siXJxAKITUFbrkjEKn0nOEQ!2m2!1d41.02922802986691!2d28.87366737586808!3f292.55121034371!4f-5.723612715812237!5f0.7820865974627469\" width=\"600\" height=\"450\" frameborder=\"0\" style=\"border:0\" allowfullscreen=\"\"><\/iframe><\/p>\n\n\n\n<p>Tasar\u0131m at\u00f6lye<br>Gen\u00e7 Osman Mahallesi \u00c7in\u00e7indere Caddesi Top\u00e7u Sokak No: 22 G\u00fcng\u00f6ren \u0130stanbul<br>Telefon 0212 611 00 11 <iframe loading=\"lazy\" src=\"https:\/\/www.google.com\/maps\/embed?pb=!4v1559139044449!6m8!1m7!1smpNcGhnCv_7x6LmRCVVy_w!2m2!1d41.03562700783874!2d28.87406132870032!3f265.6973656523973!4f-0.48622359897154865!5f0.7820865974627469\" width=\"600\" height=\"450\" frameborder=\"0\" style=\"border:0\" allowfullscreen=\"\"><\/iframe><\/p>\n\n\n\n<p>AVAKAR YAPI<br>Web<br>www.avakaryapi.com<br>Sipari\u015f<br>info@avakaryapi.com<\/p>\n\n\n\n<p>Web<br>www.avakaryapi.com.tr<br>Sipari\u015f<br>info@avakaryapi.com.tr<\/p>\n","protected":false},"excerpt":{"rendered":"<p>Sanat at\u00f6lyemizde projenizi planlayal\u0131km. \u0130malathanede \u00fcretim yapal\u0131m. Sat\u0131\u015f&nbsp; ve depolar\u0131m\u0131zda projeniz i\u00e7in gerekli t\u00fcm ihtiya\u00e7lar\u0131n\u0131z\u0131 kar\u015f\u0131layal\u0131m. Siz sadece showroomlar\u0131m\u0131zda kahvenizi yudumlay\u0131n ve AVAKAR 2019 KATALO\u011eUNUZU inceleyin. ShowroomGen\u00e7 Osman Mahallesi \u00c7in\u00e7indere CaddesiNo : 89 G\u00fcng\u00f6ren \u0130stanbulTelefon 0212 562 77 00 Toptan perakende sat\u0131\u015fGen\u00e7 Osman Mahallesi \u00c7in\u00e7indere Caddesi Top\u00e7u Sokak No: 20-22 G\u00fcng\u00f6ren \u0130stanbulTelefon 0212 611 00 &hellip; <\/p>\n<p class=\"link-more\"><a href=\"https:\/\/avakaryapi.com\/index.php\/bize-ulasin\/\" class=\"more-link\">Okumaya devam et<span class=\"screen-reader-text\"> &#8220;Bize ula\u015f\u0131n&#8221;<\/span><\/a><\/p>\n","protected":false},"author":1,"featured_media":0,"parent":0,"menu_order":0,"comment_status":"closed","ping_status":"closed","template":"","meta":[],"_links":{"self":[{"href":"https:\/\/avakaryapi.com\/index.php\/wp-json\/wp\/v2\/pages\/349"}],"collection":[{"href":"https:\/\/avakaryapi.com\/index.php\/wp-json\/wp\/v2\/pages"}],"about":[{"href":"https:\/\/avakaryapi.com\/index.php\/wp-json\/wp\/v2\/types\/page"}],"author":[{"embeddable":true,"href":"https:\/\/avakaryapi.com\/index.php\/wp-json\/wp\/v2\/users\/1"}],"replies":[{"embeddable":true,"href":"https:\/\/avakaryapi.com\/index.php\/wp-json\/wp\/v2\/comments?post=349"}],"version-history":[{"count":9,"href":"https:\/\/avakaryapi.com\/index.php\/wp-json\/wp\/v2\/pages\/349\/revisions"}],"predecessor-version":[{"id":370,"href":"https:\/\/avakaryapi.com\/index.php\/wp-json\/wp\/v2\/pages\/349\/revisions\/370"}],"wp:attachment":[{"href":"https:\/\/avakaryapi.com\/index.php\/wp-json\/wp\/v2\/media?parent=349"}],"curies":[{"name":"wp","href":"https:\/\/api.w.org\/{rel}","templated":true}]}}