{"id":133,"date":"2019-05-16T16:34:20","date_gmt":"2019-05-16T13:34:20","guid":{"rendered":"http:\/\/avakaryapi.com\/?page_id=133"},"modified":"2023-04-29T18:02:03","modified_gmt":"2023-04-29T15:02:03","slug":"design-serisi","status":"publish","type":"page","link":"https:\/\/avakaryapi.com\/index.php\/design-serisi\/","title":{"rendered":"Design Serisi"},"content":{"rendered":"\n<p>Desenli, kabartma desenli, fig\u00fcratif ve esnek hatl\u0131, al\u00e7\u0131, kartonpiyer ve yan<br> malzeme grubu.<br> Varak, yald\u0131z, patina, karizma ve dekoratif boyalar, renkli kartonpiyer uygulamalar\u0131.<\/p>\n\n\n\n<figure class=\"wp-block-gallery has-nested-images columns-default is-cropped wp-block-gallery-1 is-layout-flex\">\n<figure class=\"wp-block-image size-large\"><img decoding=\"async\" loading=\"lazy\" width=\"1024\" height=\"949\" data-id=\"463\"  src=\"http:\/\/avakaryapi.com\/wp-content\/uploads\/9821331564-1024x949.jpg\" alt=\"\" class=\"wp-image-463\" srcset=\"https:\/\/avakaryapi.com\/wp-content\/uploads\/9821331564-1024x949.jpg 1024w, https:\/\/avakaryapi.com\/wp-content\/uploads\/9821331564-300x278.jpg 300w, https:\/\/avakaryapi.com\/wp-content\/uploads\/9821331564-768x712.jpg 768w, https:\/\/avakaryapi.com\/wp-content\/uploads\/9821331564.jpg 1400w\" sizes=\"(max-width: 767px) 89vw, (max-width: 1000px) 54vw, (max-width: 1071px) 543px, 580px\" \/><\/figure>\n\n\n\n<figure class=\"wp-block-image size-large\"><img decoding=\"async\" loading=\"lazy\" width=\"1024\" height=\"949\" data-id=\"462\"  src=\"http:\/\/avakaryapi.com\/wp-content\/uploads\/9738855727-1024x949.jpg\" alt=\"\" class=\"wp-image-462\" srcset=\"https:\/\/avakaryapi.com\/wp-content\/uploads\/9738855727-1024x949.jpg 1024w, https:\/\/avakaryapi.com\/wp-content\/uploads\/9738855727-300x278.jpg 300w, https:\/\/avakaryapi.com\/wp-content\/uploads\/9738855727-768x712.jpg 768w, https:\/\/avakaryapi.com\/wp-content\/uploads\/9738855727.jpg 1400w\" sizes=\"(max-width: 767px) 89vw, (max-width: 1000px) 54vw, (max-width: 1071px) 543px, 580px\" \/><\/figure>\n\n\n\n<figure class=\"wp-block-image size-large\"><img decoding=\"async\" loading=\"lazy\" width=\"1024\" height=\"949\" data-id=\"461\"  src=\"http:\/\/avakaryapi.com\/wp-content\/uploads\/9689417229-1024x949.jpg\" alt=\"\" class=\"wp-image-461\" srcset=\"https:\/\/avakaryapi.com\/wp-content\/uploads\/9689417229-1024x949.jpg 1024w, https:\/\/avakaryapi.com\/wp-content\/uploads\/9689417229-300x278.jpg 300w, https:\/\/avakaryapi.com\/wp-content\/uploads\/9689417229-768x712.jpg 768w, https:\/\/avakaryapi.com\/wp-content\/uploads\/9689417229.jpg 1400w\" sizes=\"(max-width: 767px) 89vw, (max-width: 1000px) 54vw, (max-width: 1071px) 543px, 580px\" \/><\/figure>\n\n\n\n<figure class=\"wp-block-image size-large\"><img decoding=\"async\" loading=\"lazy\" width=\"1024\" height=\"949\" data-id=\"460\"  src=\"http:\/\/avakaryapi.com\/wp-content\/uploads\/9287795042-1024x949.jpg\" alt=\"\" class=\"wp-image-460\" srcset=\"https:\/\/avakaryapi.com\/wp-content\/uploads\/9287795042-1024x949.jpg 1024w, https:\/\/avakaryapi.com\/wp-content\/uploads\/9287795042-300x278.jpg 300w, https:\/\/avakaryapi.com\/wp-content\/uploads\/9287795042-768x712.jpg 768w, https:\/\/avakaryapi.com\/wp-content\/uploads\/9287795042.jpg 1400w\" sizes=\"(max-width: 767px) 89vw, (max-width: 1000px) 54vw, (max-width: 1071px) 543px, 580px\" \/><\/figure>\n\n\n\n<figure class=\"wp-block-image size-large\"><img decoding=\"async\" loading=\"lazy\" width=\"1024\" height=\"949\" data-id=\"459\"  src=\"http:\/\/avakaryapi.com\/wp-content\/uploads\/9089811677-1024x949.jpg\" alt=\"\" class=\"wp-image-459\" srcset=\"https:\/\/avakaryapi.com\/wp-content\/uploads\/9089811677-1024x949.jpg 1024w, https:\/\/avakaryapi.com\/wp-content\/uploads\/9089811677-300x278.jpg 300w, https:\/\/avakaryapi.com\/wp-content\/uploads\/9089811677-768x712.jpg 768w, https:\/\/avakaryapi.com\/wp-content\/uploads\/9089811677.jpg 1400w\" sizes=\"(max-width: 767px) 89vw, (max-width: 1000px) 54vw, (max-width: 1071px) 543px, 580px\" \/><\/figure>\n\n\n\n<figure class=\"wp-block-image size-large\"><img decoding=\"async\" loading=\"lazy\" width=\"1024\" height=\"949\" data-id=\"458\"  src=\"http:\/\/avakaryapi.com\/wp-content\/uploads\/8736778577-1024x949.jpg\" alt=\"\" class=\"wp-image-458\" srcset=\"https:\/\/avakaryapi.com\/wp-content\/uploads\/8736778577-1024x949.jpg 1024w, https:\/\/avakaryapi.com\/wp-content\/uploads\/8736778577-300x278.jpg 300w, https:\/\/avakaryapi.com\/wp-content\/uploads\/8736778577-768x712.jpg 768w, https:\/\/avakaryapi.com\/wp-content\/uploads\/8736778577.jpg 1400w\" sizes=\"(max-width: 767px) 89vw, (max-width: 1000px) 54vw, (max-width: 1071px) 543px, 580px\" \/><\/figure>\n\n\n\n<figure class=\"wp-block-image size-large\"><img decoding=\"async\" loading=\"lazy\" width=\"1024\" height=\"949\" data-id=\"457\"  src=\"http:\/\/avakaryapi.com\/wp-content\/uploads\/7742174635-1024x949.jpg\" alt=\"\" class=\"wp-image-457\" srcset=\"https:\/\/avakaryapi.com\/wp-content\/uploads\/7742174635-1024x949.jpg 1024w, https:\/\/avakaryapi.com\/wp-content\/uploads\/7742174635-300x278.jpg 300w, https:\/\/avakaryapi.com\/wp-content\/uploads\/7742174635-768x712.jpg 768w, https:\/\/avakaryapi.com\/wp-content\/uploads\/7742174635.jpg 1400w\" sizes=\"(max-width: 767px) 89vw, (max-width: 1000px) 54vw, (max-width: 1071px) 543px, 580px\" \/><\/figure>\n\n\n\n<figure class=\"wp-block-image size-large\"><img decoding=\"async\" loading=\"lazy\" width=\"1024\" height=\"949\" data-id=\"456\"  src=\"http:\/\/avakaryapi.com\/wp-content\/uploads\/6564351180-1024x949.jpg\" alt=\"\" class=\"wp-image-456\" srcset=\"https:\/\/avakaryapi.com\/wp-content\/uploads\/6564351180-1024x949.jpg 1024w, https:\/\/avakaryapi.com\/wp-content\/uploads\/6564351180-300x278.jpg 300w, https:\/\/avakaryapi.com\/wp-content\/uploads\/6564351180-768x712.jpg 768w, https:\/\/avakaryapi.com\/wp-content\/uploads\/6564351180.jpg 1400w\" sizes=\"(max-width: 767px) 89vw, (max-width: 1000px) 54vw, (max-width: 1071px) 543px, 580px\" \/><\/figure>\n\n\n\n<figure class=\"wp-block-image size-large\"><img decoding=\"async\" loading=\"lazy\" width=\"1024\" height=\"949\" data-id=\"455\"  src=\"http:\/\/avakaryapi.com\/wp-content\/uploads\/6136516646-1024x949.jpg\" alt=\"\" class=\"wp-image-455\" srcset=\"https:\/\/avakaryapi.com\/wp-content\/uploads\/6136516646-1024x949.jpg 1024w, https:\/\/avakaryapi.com\/wp-content\/uploads\/6136516646-300x278.jpg 300w, https:\/\/avakaryapi.com\/wp-content\/uploads\/6136516646-768x712.jpg 768w, https:\/\/avakaryapi.com\/wp-content\/uploads\/6136516646.jpg 1400w\" sizes=\"(max-width: 767px) 89vw, (max-width: 1000px) 54vw, (max-width: 1071px) 543px, 580px\" \/><\/figure>\n\n\n\n<figure class=\"wp-block-image size-large\"><img decoding=\"async\" loading=\"lazy\" width=\"1024\" height=\"949\" data-id=\"454\"  src=\"http:\/\/avakaryapi.com\/wp-content\/uploads\/5996715782-1024x949.jpg\" alt=\"\" class=\"wp-image-454\" srcset=\"https:\/\/avakaryapi.com\/wp-content\/uploads\/5996715782-1024x949.jpg 1024w, https:\/\/avakaryapi.com\/wp-content\/uploads\/5996715782-300x278.jpg 300w, https:\/\/avakaryapi.com\/wp-content\/uploads\/5996715782-768x712.jpg 768w, https:\/\/avakaryapi.com\/wp-content\/uploads\/5996715782.jpg 1400w\" sizes=\"(max-width: 767px) 89vw, (max-width: 1000px) 54vw, (max-width: 1071px) 543px, 580px\" \/><\/figure>\n\n\n\n<figure class=\"wp-block-image size-large\"><img decoding=\"async\" loading=\"lazy\" width=\"1024\" height=\"949\" data-id=\"453\"  src=\"http:\/\/avakaryapi.com\/wp-content\/uploads\/3825167029-1024x949.jpg\" alt=\"\" class=\"wp-image-453\" srcset=\"https:\/\/avakaryapi.com\/wp-content\/uploads\/3825167029-1024x949.jpg 1024w, https:\/\/avakaryapi.com\/wp-content\/uploads\/3825167029-300x278.jpg 300w, https:\/\/avakaryapi.com\/wp-content\/uploads\/3825167029-768x712.jpg 768w, https:\/\/avakaryapi.com\/wp-content\/uploads\/3825167029.jpg 1400w\" sizes=\"(max-width: 767px) 89vw, (max-width: 1000px) 54vw, (max-width: 1071px) 543px, 580px\" \/><\/figure>\n\n\n\n<figure class=\"wp-block-image size-large\"><img decoding=\"async\" loading=\"lazy\" width=\"1024\" height=\"949\" data-id=\"452\"  src=\"http:\/\/avakaryapi.com\/wp-content\/uploads\/3515475849-1024x949.jpg\" alt=\"\" class=\"wp-image-452\" srcset=\"https:\/\/avakaryapi.com\/wp-content\/uploads\/3515475849-1024x949.jpg 1024w, https:\/\/avakaryapi.com\/wp-content\/uploads\/3515475849-300x278.jpg 300w, https:\/\/avakaryapi.com\/wp-content\/uploads\/3515475849-768x712.jpg 768w, https:\/\/avakaryapi.com\/wp-content\/uploads\/3515475849.jpg 1400w\" sizes=\"(max-width: 767px) 89vw, (max-width: 1000px) 54vw, (max-width: 1071px) 543px, 580px\" \/><\/figure>\n\n\n\n<figure class=\"wp-block-image size-large\"><img decoding=\"async\" loading=\"lazy\" width=\"1024\" height=\"949\" data-id=\"451\"  src=\"http:\/\/avakaryapi.com\/wp-content\/uploads\/3010412302-1024x949.jpg\" alt=\"\" class=\"wp-image-451\" srcset=\"https:\/\/avakaryapi.com\/wp-content\/uploads\/3010412302-1024x949.jpg 1024w, https:\/\/avakaryapi.com\/wp-content\/uploads\/3010412302-300x278.jpg 300w, https:\/\/avakaryapi.com\/wp-content\/uploads\/3010412302-768x712.jpg 768w, https:\/\/avakaryapi.com\/wp-content\/uploads\/3010412302.jpg 1400w\" sizes=\"(max-width: 767px) 89vw, (max-width: 1000px) 54vw, (max-width: 1071px) 543px, 580px\" \/><\/figure>\n\n\n\n<figure class=\"wp-block-image size-large\"><img decoding=\"async\" loading=\"lazy\" width=\"1024\" height=\"949\" data-id=\"450\"  src=\"http:\/\/avakaryapi.com\/wp-content\/uploads\/2597569015-1024x949.jpg\" alt=\"\" class=\"wp-image-450\" srcset=\"https:\/\/avakaryapi.com\/wp-content\/uploads\/2597569015-1024x949.jpg 1024w, https:\/\/avakaryapi.com\/wp-content\/uploads\/2597569015-300x278.jpg 300w, https:\/\/avakaryapi.com\/wp-content\/uploads\/2597569015-768x712.jpg 768w, https:\/\/avakaryapi.com\/wp-content\/uploads\/2597569015.jpg 1400w\" sizes=\"(max-width: 767px) 89vw, (max-width: 1000px) 54vw, (max-width: 1071px) 543px, 580px\" \/><\/figure>\n\n\n\n<figure class=\"wp-block-image size-large\"><img decoding=\"async\" loading=\"lazy\" width=\"1024\" height=\"949\" data-id=\"449\"  src=\"http:\/\/avakaryapi.com\/wp-content\/uploads\/2373300420-1024x949.jpg\" alt=\"\" class=\"wp-image-449\" srcset=\"https:\/\/avakaryapi.com\/wp-content\/uploads\/2373300420-1024x949.jpg 1024w, https:\/\/avakaryapi.com\/wp-content\/uploads\/2373300420-300x278.jpg 300w, https:\/\/avakaryapi.com\/wp-content\/uploads\/2373300420-768x712.jpg 768w, https:\/\/avakaryapi.com\/wp-content\/uploads\/2373300420.jpg 1400w\" sizes=\"(max-width: 767px) 89vw, (max-width: 1000px) 54vw, (max-width: 1071px) 543px, 580px\" \/><\/figure>\n\n\n\n<figure class=\"wp-block-image size-large\"><img decoding=\"async\" loading=\"lazy\" width=\"1024\" height=\"949\" data-id=\"448\"  src=\"http:\/\/avakaryapi.com\/wp-content\/uploads\/2215105237-1024x949.jpg\" alt=\"\" class=\"wp-image-448\" srcset=\"https:\/\/avakaryapi.com\/wp-content\/uploads\/2215105237-1024x949.jpg 1024w, https:\/\/avakaryapi.com\/wp-content\/uploads\/2215105237-300x278.jpg 300w, https:\/\/avakaryapi.com\/wp-content\/uploads\/2215105237-768x712.jpg 768w, https:\/\/avakaryapi.com\/wp-content\/uploads\/2215105237.jpg 1400w\" sizes=\"(max-width: 767px) 89vw, (max-width: 1000px) 54vw, (max-width: 1071px) 543px, 580px\" \/><\/figure>\n\n\n\n<figure class=\"wp-block-image size-large\"><img decoding=\"async\" loading=\"lazy\" width=\"1024\" height=\"949\" data-id=\"447\"  src=\"http:\/\/avakaryapi.com\/wp-content\/uploads\/1324389715-1024x949.jpg\" alt=\"\" class=\"wp-image-447\" srcset=\"https:\/\/avakaryapi.com\/wp-content\/uploads\/1324389715-1024x949.jpg 1024w, https:\/\/avakaryapi.com\/wp-content\/uploads\/1324389715-300x278.jpg 300w, https:\/\/avakaryapi.com\/wp-content\/uploads\/1324389715-768x712.jpg 768w, https:\/\/avakaryapi.com\/wp-content\/uploads\/1324389715.jpg 1400w\" sizes=\"(max-width: 767px) 89vw, (max-width: 1000px) 54vw, (max-width: 1071px) 543px, 580px\" \/><\/figure>\n\n\n\n<figure class=\"wp-block-image size-large\"><img decoding=\"async\" loading=\"lazy\" width=\"1024\" height=\"949\" data-id=\"446\"  src=\"http:\/\/avakaryapi.com\/wp-content\/uploads\/1052752203-1024x949.jpg\" alt=\"\" class=\"wp-image-446\" srcset=\"https:\/\/avakaryapi.com\/wp-content\/uploads\/1052752203-1024x949.jpg 1024w, https:\/\/avakaryapi.com\/wp-content\/uploads\/1052752203-300x278.jpg 300w, https:\/\/avakaryapi.com\/wp-content\/uploads\/1052752203-768x712.jpg 768w, https:\/\/avakaryapi.com\/wp-content\/uploads\/1052752203.jpg 1400w\" sizes=\"(max-width: 767px) 89vw, (max-width: 1000px) 54vw, (max-width: 1071px) 543px, 580px\" \/><\/figure>\n\n\n\n<figure class=\"wp-block-image size-large\"><img decoding=\"async\" loading=\"lazy\" width=\"1024\" height=\"949\" data-id=\"444\"  src=\"http:\/\/avakaryapi.com\/wp-content\/uploads\/0891313405-1024x949.jpg\" alt=\"\" class=\"wp-image-444\" srcset=\"https:\/\/avakaryapi.com\/wp-content\/uploads\/0891313405-1024x949.jpg 1024w, https:\/\/avakaryapi.com\/wp-content\/uploads\/0891313405-300x278.jpg 300w, https:\/\/avakaryapi.com\/wp-content\/uploads\/0891313405-768x712.jpg 768w, https:\/\/avakaryapi.com\/wp-content\/uploads\/0891313405.jpg 1400w\" sizes=\"(max-width: 767px) 89vw, (max-width: 1000px) 54vw, (max-width: 1071px) 543px, 580px\" \/><\/figure>\n\n\n\n<figure class=\"wp-block-image size-large\"><img decoding=\"async\" loading=\"lazy\" width=\"1024\" height=\"949\" data-id=\"443\"  src=\"http:\/\/avakaryapi.com\/wp-content\/uploads\/0174008635-1024x949.jpg\" alt=\"\" class=\"wp-image-443\" srcset=\"https:\/\/avakaryapi.com\/wp-content\/uploads\/0174008635-1024x949.jpg 1024w, https:\/\/avakaryapi.com\/wp-content\/uploads\/0174008635-300x278.jpg 300w, https:\/\/avakaryapi.com\/wp-content\/uploads\/0174008635-768x712.jpg 768w, https:\/\/avakaryapi.com\/wp-content\/uploads\/0174008635.jpg 1400w\" sizes=\"(max-width: 767px) 89vw, (max-width: 1000px) 54vw, (max-width: 1071px) 543px, 580px\" \/><\/figure>\n<\/figure>\n","protected":false},"excerpt":{"rendered":"<p>Desenli, kabartma desenli, fig\u00fcratif ve esnek hatl\u0131, al\u00e7\u0131, kartonpiyer ve yan malzeme grubu. Varak, yald\u0131z, patina, karizma ve dekoratif boyalar, renkli kartonpiyer uygulamalar\u0131.<\/p>\n","protected":false},"author":1,"featured_media":463,"parent":0,"menu_order":0,"comment_status":"closed","ping_status":"closed","template":"","meta":[],"_links":{"self":[{"href":"https:\/\/avakaryapi.com\/index.php\/wp-json\/wp\/v2\/pages\/133"}],"collection":[{"href":"https:\/\/avakaryapi.com\/index.php\/wp-json\/wp\/v2\/pages"}],"about":[{"href":"https:\/\/avakaryapi.com\/index.php\/wp-json\/wp\/v2\/types\/page"}],"author":[{"embeddable":true,"href":"https:\/\/avakaryapi.com\/index.php\/wp-json\/wp\/v2\/users\/1"}],"replies":[{"embeddable":true,"href":"https:\/\/avakaryapi.com\/index.php\/wp-json\/wp\/v2\/comments?post=133"}],"version-history":[{"count":3,"href":"https:\/\/avakaryapi.com\/index.php\/wp-json\/wp\/v2\/pages\/133\/revisions"}],"predecessor-version":[{"id":464,"href":"https:\/\/avakaryapi.com\/index.php\/wp-json\/wp\/v2\/pages\/133\/revisions\/464"}],"wp:featuredmedia":[{"embeddable":true,"href":"https:\/\/avakaryapi.com\/index.php\/wp-json\/wp\/v2\/media\/463"}],"wp:attachment":[{"href":"https:\/\/avakaryapi.com\/index.php\/wp-json\/wp\/v2\/media?parent=133"}],"curies":[{"name":"wp","href":"https:\/\/api.w.org\/{rel}","templated":true}]}}